) + 6*y(o). Let x be k(-3). List the prime factors of 1/(x/3)*3.
3
Suppose -1 = 2*s - 5*f, 9*f - 5*f - 56 = -3*s. List the prime factors of 66/s - (-1)/(-2).
5
What are the prime factors of 0 + -3 + 24/4?
3
Let u(w) = w - 1. Let k be u(7). Suppose 0 = -3*v, 4*v + 60 = -z + k*z. Let x = z - 4. What are the prime factors of x?
2
Let n(i) = i - 5. Let l be n(5). Suppose -3*t - 3 = l, 1 = 4*r + 3*t - 4. Suppose 5*y + r*f = 51, -3 - 3 = -y + f. List the prime factors of y.
3
Let w be (1 + 1)*(-3)/(-2). Suppose -w*g = g - 152. What are the prime factors of g?
2, 19
List the prime factors of (8/6)/((-4)/(-54)).
2, 3
Let k(v) = v**3 + 6*v**2 - 4*v - 1. Let s be k(-5). Let c = -11 + s. What are the prime factors of c?
3, 11
Let m(b) = b**3 - 6*b**2 + 6*b - 1. Let q be m(5). Suppose 1 = -2*d + 5. Suppose 0*h - d*h = -q. What are the prime factors of h?
2
Suppose 3*q - 93 = 33. List the prime factors of q.
2, 3, 7
Let s be (4 - (-3)/(-3)) + 0. List the prime factors of ((-9)/s)/((-9)/15).
5
What are the prime factors of 150 + (-1 - (-1 - 1))*0?
2, 3, 5
Let l = 17 + -10. Let h(a) = -a**2 + 8*a - 2. What are the prime factors of h(l)?
5
Suppose 0 = 7*i - 3*i - 8. Suppose 5*p - 75 = 4*c + i, 0 = -p - 2*c + 21. What are the prime factors of p?
17
Suppose -14*q = -2*q - 4296. What are the prime factors of q?
2, 179
Let a = -9 - -5. Let v(m) = -2*m + 6. Let k be v(-3). Let w = k + a. List the prime factors of w.
2
Suppose -26 = 2*c + 12. Let f = c - -32. Suppose f + 47 = 5*i. What are the prime factors of i?
2, 3
Suppose o - 34 = 11. What are the prime factors of o?
3, 5
Suppose -w - v + 83 = 3*w, 4*w = -2*v + 86. Let j = w + -14. List the prime factors of j.
2, 3
Let n be 2 - 2 - (-35)/1. Suppose -4*r + 141 = -5*k, 3*k = 5*r - 91 - 4. Let t = n + k. List the prime factors of t.
2, 5
List the prime factors of ((-208)/(-4))/(2 - 0).
2, 13
Let c(v) = v**2 + 17*v + 23. List the prime factors of c(-17).
23
Let m(b) = -b - 1. Let c be m(-5). Suppose -4 = c*d - 3*d. Let r = d + 26. List the prime factors of r.
2, 11
Let l(p) = p + 13. Let b be -1*5*8/5. Let x(a) = -a**3 - 7*a**2 + 8*a - 8. Let d be x(b). List the prime factors of l(d).
5
Let a = 22 - -17. List the prime factors of a.
3, 13
Let j = -24 + 37. What are the prime factors of j?
13
Suppose -15 = -5*k + 5. Suppose 0 - k = -2*a. Suppose 55 = 5*s - 4*x - a, -5*s + 2*x + 51 = 0. List the prime factors of s.
3
Let u be 0/((4 - -1) + -2). Let z(o) = o**2 + o - 2. Let y be z(u). What are the prime factors of (-51)/(-9) + y/3?
5
Let q(x) = -39*x + 14. What are the prime factors of q(-4)?
2, 5, 17
Suppose -z = -3*o + 150, 15 = -13*z + 8*z. List the prime factors of o.
7
List the prime factors of ((-71)/4)/((-1)/4).
71
Suppose -2*h - 137 = -3*z, 0*h = -4*z - 4*h + 216. Let o = z + -33. What are the prime factors of o?
2
Let c(z) = -z**3 - 5*z**2 + z + 1. Let u be c(-5). What are the prime factors of (-4)/(-16) + (-31)/u?
2
Suppose 0 = -2*o + 4*f + 178, 0 = o + 3*o + f - 329. What are the prime factors of o?
83
Let q = -13 - -10. Let p = q - -5. List the prime factors of p.
2
Let r(y) = -y**3 - 10*y**2 + y + 11. Let h be r(-10). Let n = -8 + 11. Let g = h + n. List the prime factors of g.
2
Let y(i) = -9 - 5 - 2 + 13 - 5*i. Suppose 2*x = -4*k - 6, -k = 3*k - 5*x + 13. What are the prime factors of y(k)?
7
Let c = 37 + -3. List the prime factors of c.
2, 17
Suppose 2*t - 2*z - 438 = -4*z, -12 = -3*z. What are the prime factors of t?
5, 43
Suppose 0 = -3*z - l + 112, 2*z - 5*l - 71 = -2*l. What are the prime factors of z?
37
Let u(h) = 7*h**2 + 14*h - 1. What are the prime factors of u(-6)?
167
What are the prime factors of -4 + -1 + -2 + 65?
2, 29
Let g be 0/((-2)/1 - -1). Let p be 0 - -2 - g - 2. Suppose p = -7*z + 4*z + 33. List the prime factors of z.
11
Suppose 10*o = 1506 - 256. What are the prime factors of o?
5
Suppose 0*b + 50 = 2*b. List the prime factors of b.
5
Let u(c) = -2*c + 2. Let l be u(-2). Suppose 0 = -l*g + 2*g + 68. Let w = g - 7. What are the prime factors of w?
2, 5
Let h(d) = -d**2 + 2*d + 1. Let l be h(-4). Let g = -15 - l. What are the prime factors of g?
2
Suppose 10 = 5*t - 5. Let r(g) = -g - g + t*g + 9. What are the prime factors of r(-4)?
5
Let x = -54 + 75. What are the prime factors of x?
3, 7
Let w = -483 - -694. List the prime factors of w.
211
Let c = 27 - 38. Let y = c - -17. Suppose 56 = 5*a + y. List the prime factors of a.
2, 5
Suppose -20 = 2*m - 0*m. Let g = m - 6. Let k = 25 + g. List the prime factors of k.
3
Let a = -22 - -31. Let v = 18 - 12. Let t = a - v. What are the prime factors of t?
3
Let d be 0/(-6) + (-18)/(-2). Let s = 18 - d. What are the prime factors of s?
3
Let b(g) = -8*g - 1. Let m(l) = l**3 + 3*l**2 + l - 3. Let f be m(-3). Let h = f - -5. List the prime factors of b(h).
7
Let d be 4/(-3)*(-18)/(-12). Let j be d/(-6) + 47/3. Suppose 0 = 5*z - j - 14. List the prime factors of z.
2, 3
Let z(h) = 4*h - 2. Suppose t + 3*b = 3, -4*t + 7 + 5 = -4*b. List the prime factors of z(t).
2, 5
Suppose 0 = -2*p - 4*u, 0*p = -2*p - 2*u + 2. Suppose -3*v = -p*v - 25. What are the prime factors of v?
5
Let k(n) = n**3 - 5*n**2 + 2*n - 13. What are the prime factors of k(6)?
5, 7
Suppose -16 = -5*p - 46. Let f = -1 - p. List the prime factors of f.
5
Suppose 4*w - 8*w + 652 = 0. List the prime factors of w.
163
Let j(v) be the first derivative of 3*v**2/2 - 4*v - 3. List the prime factors of j(2).
2
Let s be (-1 + 1)/(0 - 1). Suppose s*i = 2*i. Suppose i = 4*t - 5*t + 6. List the prime factors of t.
2, 3
Suppose -3*k + 306 = 2*i - 78, -513 = -4*k - 3*i. List the prime factors of k.
2, 3, 7
Let u = 14 + -10. Suppose 0 = -4*q + u, 0*i - 2*q - 6 = -2*i. Suppose i*a - 7 = 3*a. List the prime factors of a.
7
Let h = 46 + 2. Suppose 0 = -2*z + 2*d + 24 + 4, -3*d = 2*z - h. What are the prime factors of z?
2, 3
Let r(m) = m**3 + 9*m**2 + 6*m + 6. Let p be r(-7). List the prime factors of 5/(-15) - p/(-6).
2, 5
Let p = 41 - -93. What are the prime factors of p?
2, 67
Suppose 3*k - 5*g = k + 47, -5*g - 5 = 0. What are the prime factors of k?
3, 7
Suppose z - 3 = 4. Suppose -2*m - z = -3*m. What are the prime factors of m?
7
Let v = -27 - -22. What are the prime factors of 13*v/((-15)/9)?
3, 13
Suppose 4*h = -5*y - 104, -5*h = -y + 89 + 41. Let z be h/(-6) - 1/3. Suppose z*o - 45 = -o. List the prime factors of o.
3
Let h = 3 + -2. List the prime factors of (-3 - -2)/(h/(-7)).
7
Let z = 83 + -54. Suppose 2 = -3*u + 5. Suppose z = 2*d - u. List the prime factors of d.
3, 5
Let z = 85 + -44. Let g be 3/6 - z/(-2). What are the prime factors of (-14)/g*51/(-2)?
17
Suppose 188 = -5*h - 167. Let y = -44 - h. List the prime factors of y.
3
Let b(j) be the first derivative of j**4/4 + j**3/3 - j**2 + 2*j + 1. Suppose -2*v = 5*u - 19, -3 = -v - u + 2. List the prime factors of b(v).
2, 5
What are the prime factors of -6 + (-15)/(-3) - -94?
3, 31
Let q be (4 - 7) + (8 - 0). Suppose q*k - 36 = k. List the prime factors of k.
3
Suppose 3*j + b = -0*b + 133, 221 = 5*j + 2*b. What are the prime factors of j?
3, 5
Let l(t) = 2*t**3 - 2*t**2 - 2*t + 4. Let i(g) = 2*g**3 - g**2 - 2*g + 3. Let x(h) = 4*i(h) - 3*l(h). What are the prime factors of x(2)?
2, 5
Suppose s + 2*s = 6. Suppose 13 = -s*h + 77. What are the prime factors of h?
2
Let h(a) = -3*a + 11. Let f(m) = -3*m + 12. Let u(k) = 3*f(k) - 4*h(k). What are the prime factors of u(6)?
2, 5
What are the prime factors of (-9)/(-6)*(-3 - (-221)/3)?
2, 53
Let t(o) = -o**2 - 7*o - 4. Let f be t(-7). Let x(m) = 2*m**2 + 6*m. Let v be x(f). Suppose 3*i - v*i = -15. What are the prime factors of i?
3
Suppose -5*l + 14 = -3*l. Suppose -4*z + l*z = 3*v + 111, -v = 0. What are the prime factors of z?
37
Let o = 7 - 4. Let y(r) = -r**2 - 6*r - 1. Let d be y(-5). Suppose o*b - 3*f = 7 + 35, 42 = d*b + 3*f. List the prime factors of b.
2, 3
List the prime factors of ((-60)/18)/(1/(-9)).
2, 3, 5
Let g(t) = 4*t - 8. List the prime factors of g(6).
2
Suppose 5*b + 15 = 5*k, 2*b = -3*k - 3 + 17. Let y = -2 - b. List the prime factors of (-27)/(-12) + y/(-4).
3
Let j = -108 - -180. List the prime factors of j.
2, 3
Let g = 6 + -11. Let r = -1 - g. Suppose 2*b + 5*u - 11 = 0, r*b + u + 3*u = 28. What are the prime factors of b?
2
Suppose w - 3*w + r = -43, 